 - u + 0 + 2. Let r(l) = -2*l**2 - 24*l. Let s be r(-12). Give b(s).
1
Let h be -3*((-2)/6 - 3). Let i be (-24)/h + (-14)/(-35). Let y(n) = -2 + 0*n + 2*n - 5*n - 2*n**2. Calculate y(i).
-4
Let h(g) = g**2 + 6. Let t be (2 - 3)/(-2)*0. Suppose -q + 2*q = t. Determine h(q).
6
Let z(y) be the third derivative of y**4/24 - y**3/3 + 3*y**2. Suppose -2*s - 34 = 5*g, -1 = -g - 3. Let i be (-11)/4 + 3/s. Determine z(i).
-5
Let f(r) = 3*r + 0 + 4*r**2 - 4 - 5*r**2 + 1. Suppose -2*k - 15 = -7*k. Calculate f(k).
-3
Let m = -1 + -3. Let j(l) = l**3 + 5*l**2 + 3*l + 2. Give j(m).
6
Suppose 4 = 7*c - 3*c. Let r(k) = 9*k**3. What is r(c)?
9
Let f be (0*(-2)/4)/(-1). Suppose 4 = -3*o - j, f*j = -o - 2*j - 8. Let g(n) = n**2 - n + 11. Calculate g(o).
11
Let j(r) = r**2 - 11*r + 9. Let h = -51 - -58. Determine j(h).
-19
Let c(w) = w**3 + 2*w**2. Let g(i) = 5*i + 12. Let n be g(-3). Calculate c(n).
-9
Let o be 0/(4 + -2 + 0) + -1. Let f(g) be the second derivative of -5*g**3/6 - g**2/2 + g. Determine f(o).
4
Let d(t) = 2*t + 0 + 3*t - 3 - t**2. Let u(w) = w**2 + 7*w - 3. Let s be u(-8). Calculate d(s).
-3
Let r(h) = -h. Suppose 20 = 5*z - 10. What is r(z)?
-6
Let f(p) = 9*p - 22*p - 3 + 10*p - 1 - 2*p**2. Determine f(-3).
-13
Let b be (-4)/(-14) - 5/(140/(-188)). Let t(v) = -v**3 + 7*v**2 - 2*v + 9. What is t(b)?
-5
Let s(d) = d**2 - 2. Let k = 6 + -3. Suppose 4*h = -k*m - 0*h + 12, -m - 3*h = -9. Calculate s(m).
-2
Let b(g) = -g + 3. Suppose o - 9 = 5*f + 7, 0 = -f + o. What is b(f)?
7
Let c(x) be the first derivative of -x**6/360 + 7*x**5/120 - 5*x**4/24 - x**3 - 5. Let b(q) be the third derivative of c(q). What is b(6)?
1
Let d(s) = 2*s + 2. Suppose -2*r - 7 = 5. Let j(w) = -4*w - 9. Let q be j(r). Let k be (2 + -7)*6/q. What is d(k)?
-2
Suppose 16 = a + 3*a. Let v be a/(-18) + (-204)/54. Let q(w) = -w**3 - 4*w**2 - 2*w - 4. Calculate q(v).
4
Let l = 2 + -29. Let o = l + 25. Let x(m) = -4*m**3 - m**2 + 4*m - 1. Let p(w) = -w**3 + w. Let h(f) = 2*p(f) - x(f). What is h(o)?
-7
Let a(g) be the first derivative of -g**2 + g - 1. Let s be a(-1). Let c(x) = -2*x**2 + 3*x + 2. Determine c(s).
-7
Let l(s) = 5*s**2 - 6*s + 5. Let w(y) = y**2 + y - 1. Let h(b) = -l(b) - 4*w(b). What is h(1)?
-8
Let m(i) = 3*i**2 - 3*i. Let x(a) = -a**2 + 1. Let b(w) = -m(w) - 4*x(w). Calculate b(3).
14
Suppose -6 - 8 = -4*l - 5*s, 4*l + 2*s - 8 = 0. Let k(m) = 4 - m - l - 16. Give k(-7).
-6
Let d(y) be the third derivative of -1/6*y**4 + 0*y - 7*y**2 + 0 - 1/6*y**3. Calculate d(-1).
3
Let i(t) = -t**3 - 4*t**2 - 3*t - 6. Let s be i(-4). Let n(k) = -k**3 + 6*k**2 + k - 4. What is n(s)?
2
Let t be 1*-10*(-4)/10. Suppose t*g - 6 = -22. Let u(f) = f**3 + f**2 + f - 1. Let o(c) = -4*c**3 - 6*c**2 - c + 3. Let s(n) = o(n) + 3*u(n). Give s(g).
8
Let w be 8/3 - 4/6. Let z(u) = -3 + 4 - 2*u**w + u + 1. Let a be z(2). Let b(y) = y**2 + 4*y + 5. Give b(a).
5
Let q(p) = -5*p - 44. Let x(i) = -2*i - 15. Let v(s) = -3*q(s) + 8*x(s). Let m(g) = -g + 1. Let d be (-3)/2*32/12. Let t be m(d). Calculate v(t).
7
Let l(v) = 3 - v**2 - 8 + 7*v - 11*v. What is l(-4)?
-5
Let u(y) be the first derivative of y**3/3 + 2*y**2 + y - 1. Let x = 1 + -5. What is u(x)?
1
Let f be ((-8)/16)/(1/(-6)). Let r(z) = z**3 - 2*z**2 - 3*z - 1. Determine r(f).
-1
Suppose -6 = 3*f - 3*w + w, 8 = f - 4*w. Let r(p) = -6*p + 1. Let c(o) be the first derivative of -17*o**2/2 + 2*o - 1. Let l(d) = 4*c(d) - 11*r(d). Give l(f).
5
Suppose -s + 3*s + 6 = 0. Let v(t) = t + 1. Let i(p) = -1. Let g(n) = i(n) - v(n). Determine g(s).
1
Let u(t) = t**2 + t + 1. Let v(j) = 5*j**2 - 2*j - 1. Let i(z) = -4*u(z) + v(z). Suppose -33 + 9 = -4*h. Calculate i(h).
-5
Suppose 2*p = -p. Let h(f) = -f + 7. Give h(p).
7
Let f(s) = s**2 - 3*s - 1. Let a(v) = v**3 - 13*v**2 - 16*v + 33. Let i be a(14). What is f(i)?
9
Suppose 3 - 28 = 5*u. Let m(g) be the first derivative of -g**4/4 - 4*g**3/3 + 3*g**2 + 3*g - 4. What is m(u)?
-2
Let r(f) = -f**2 - 28 + 8 + 5*f + 8 + 14. Let o be (-26)/(-6) + 6/9. What is r(o)?
2
Suppose m - 2*h - 23 = 0, h = 5*h + 4. Suppose 0 = -4*r + 3 + m. Let f(p) = -2*p + 3. Determine f(r).
-9
Let r be (-20)/((-2)/(-4)*-2). Suppose -r = -3*o + 8*o. Let z(u) = 2*u + 0*u + u**2 - 75 + 73. Calculate z(o).
6
Let f(o) = 5*o - 3 + o - 5*o. Let z = 20 - 23. Give f(z).
-6
Suppose -3*q = -4 + 1. Let a(w) = -4 + 3 + w - 2 + q. Give a(-5).
-7
Let a = 1 - -12. Let d(m) = -13*m**2 + 27*m**2 - a*m**2 - 4. Give d(0).
-4
Let d(q) = 3 - 2*q - q + q**2 - 2*q + 3*q. Give d(2).
3
Let c(a) = 6*a**3 - a**2 - a + 1. Let r(u) = u**2 + 0*u - 2*u - 3*u. Let i be r(6). Suppose q - 2*k = -7, -k + i*k - 18 = 2*q. Give c(q).
5
Let q(n) = 2*n**2. Let y = -2 - -1. Let o be q(y). Let z(v) = 3*v - 4*v + o*v + 5. What is z(-3)?
2
Let u(a) be the first derivative of -a**2/2 - 5*a + 2. What is u(-6)?
1
Suppose -4*z - 14 + 4 = -3*l, -4*l + 4*z + 12 = 0. Let n(s) be the first derivative of 2 + 1/3*s**3 - s + 0*s**2 - 1/4*s**4. Calculate n(l).
-5
Let z(s) = 4 + 0*s + s + 26*s**2 + 4*s - 25*s**2. Determine z(-5).
4
Let t(q) be the first derivative of q**3/3 - q**2 - q - 12. Determine t(-2).
7
Let j(q) = 6*q. Let b be -4*(-3)/6*1. Give j(b).
12
Let i(u) = 2 + 1 - u + 5. Calculate i(4).
4
Suppose 3*h - h - 4 = 0. Let t(z) = 2*z**3 - z**2 + z + 1. What is t(h)?
15
Let x(i) be the third derivative of i**6/120 - 7*i**5/60 + i**4/24 - 7*i**3/6 - 27*i**2. Calculate x(7).
0
Suppose 2*n - 5 - 1 = 0. Let o(x) = 2*x + 3. What is o(n)?
9
Let w(o) be the first derivative of -o**3/3 + 3*o**2 - 3*o - 1. Determine w(3).
6
Let f(z) = -z**2 + z - 16. Let k(u) = -u + 5. Let h be k(5). Calculate f(h).
-16
Let c(a) = -8*a**2 - a + 3. Let x(u) = -7*u**2 - u + 3. Suppose 2*b = -6, 5*o + 2*b - 6 = 3*o. Let t(w) = o*c(w) - 7*x(w). Give t(-4).
9
Let g(p) = -4*p - 22 + 33 - p**2 - p**2. Let x(s) = -3*s**2 - 6*s + 17. Let c(b) = -8*g(b) + 5*x(b). Calculate c(-3).
0
Suppose 0 = 5*b - 3*g, b + 4 - 32 = -5*g. Let s = 4 - b. Let j(y) = -4 + y - s - 2. Give j(4).
-3
Let n(w) be the first derivative of w**3/3 + 3*w**2/2 + 6. Let t(u) = u**2 - 1. Suppose 2*m = 5 - 7. Let h(d) = m*n(d) + 2*t(d). Give h(4).
2
Let d(v) be the third derivative of v**6/120 - v**5/15 - 5*v**4/24 + v**3/6 + v**2. Suppose -3*z = 2*p - 5 - 16, 0 = z - 3*p + 4. What is d(z)?
1
Let d be ((-2)/5)/(3/(-15)). Let c(x) = x**3 - 4*x**2 + 2*x + 3. Let s be c(3). Let l(g) = s*g**d + 0*g**3 + g**3 - g**2. Determine l(1).
0
Suppose 5*u + 4 = u. Let o(g) = 2*g**2 - 2*g - g**3 - 3*g**3 - 2*g**3 - 1 - 3*g**2. Give o(u).
6
Suppose -2 = 2*h - 6. Suppose w = -3*u - 7, -4*u - h - 14 = -2*w. Let n(x) = -x**3 - 2*x**3 - w + 2*x**3 - 2 + 4*x**2. Determine n(4).
-4
Let r(x) be the second derivative of x**4/12 - x**3/6 - 3*x. Suppose 3*j = -3*w + 9, -8 = -6*j + 2*j. Calculate r(w).
0
Suppose -24 = 4*m - 2*a, -5*m - 24 - 6 = 4*a. Let p = 5 + m. Let s(z) = -4*z**2 - z. Calculate s(p).
-3
Let k(d) be the second derivative of d**3/3 - d**2/2 + 8*d. What is k(-1)?
-3
Let i(r) = -3*r**2 + 1 + 5*r - r**2 + 5*r**2. Let x(d) = 4*d**3 + 2*d**2 + 2. Let p be x(-2). Let h be 12/18 - p/(-6). Calculate i(h).
-5
Let n(b) = -b**2 + 3*b - 3. Let g be (-84)/6*4/(-14). What is n(g)?
-7
Let f be 1/3 - (-10)/6. Let m(d) be the third derivative of -d**4/8 - d**3/6 - 2*d**2. Determine m(f).
-7
Let x(m) be the first derivative of m**3/3 - 3*m**2 - m + 6. What is x(7)?
6
Let y = -13 + 8. Let q(l) be the third derivative of 1/15*l**5 - 1/3*l**3 + 0 + 0*l + 1/120*l**6 - 5/24*l**4 - 2*l**2. Determine q(y).
-2
Let r(z) = z**2 - 3*z + 3. Let j be r(2). Let u(v) = -3*v + 1 + 0*v - 3*v + 5*v. What is u(j)?
0
Let z be (-6)/(-10) + (-26)/60. Let m(v) be the second derivative of -v + 0 + z*v**3 - v**2. What is m(4)?
2
Let c(h) = -6 - 3*h + 5 + 7*h. Determine c(1).
3
Suppose 5*q - 2*q - 6 = 0. Let a(u) = 1 + u + 2*u**2 + 3*u**q - 6*u**2. What is a(3)?
-5
Let w be ((-1)/(-2))/((-19)/(-95)). Let y(q) be the second derivative of 2*q + 0 + 1/3*q**3 + 1/2*q**4 - w*q**2 + 1/20*q**5. Give y(-5).
10
Let y(a) = 8*a**2 + 27*a - 32. Let m(d) = 3*d**2 + 9*d - 11. Let n(s) = 11*m(s) - 4*y(s). What is n(5)?
-13
Let n be (-10)/4*(-48)/20. Let y(z) = z**3 - 6*z**2 - 1. What is y(n)?
-1
Suppose 3*u + 0*u - 9 = 0. Let g(f) = -f**2 - 3*f - 2. Let w(b) = b**3 - b**2 + b. Let t(h) = -g(h) - w(h). Calculate t